hen j is divided by 14?
11
Let l = -1 + 2. Let i(j) = j**3 - j**2 - j + 1. Let u be i(l). Suppose b - 5*p + 47 = 5*b, -3*b - 3*p + 33 = u. Calculate the remainder when b is divided by 5.
3
Suppose 19 = -5*r - 5*b + b, -3*r = b + 17. Let o = -5 - r. Let i = 0 - -1. Calculate the remainder when o is divided by i.
0
Suppose -x - 1 = -u - 5, -2 = x + 5*u. Suppose 32 = 5*h - x*h. What is the remainder when 62 is divided by h?
14
Let m(j) = 3*j - 1. Let c be 9/(-2)*(-8)/6. Suppose -x = -s + 14, -2*s - 2*x + c = -2. Calculate the remainder when s is divided by m(2).
4
Calculate the remainder when 22 is divided by 39/9 - (-4)/(-12).
2
Calculate the remainder when 67 is divided by 3 + (-2)/(-4)*140/5.
16
Suppose 4*c + 84 = 7*c. Suppose -c = 4*m - 320. Calculate the remainder when m is divided by 25.
23
Let p = -104 - -152. Calculate the remainder when p is divided by 4/6 + 73/3.
23
Let u = -26 - -44. Calculate the remainder when 68 is divided by u.
14
Let g be 2/(-3) + (-55)/(-15). Suppose -g*w - 2 = -8. Suppose -8 = -2*k, -b = w*k - 0 - 21. What is the remainder when 37 is divided by b?
11
Let b be (-8)/6*6/(-4). Suppose -b*s - 8 = 0, -6*s = 5*y - 3*s - 98. What is the remainder when y is divided by 12?
10
Let r be 7/2*4/7. Calculate the remainder when 5 is divided by (5/(-10))/(r/(-12)).
2
Suppose -4*u + 338 = 4*p - 54, -u + 100 = -p. Calculate the remainder when u is divided by 17.
14
Let y(p) = 2*p**3 + p**2 - 2*p - 2. Let d(x) = 0*x - 4*x + 2*x + 3*x**2 - 2. Calculate the remainder when y(3) is divided by d(-2).
13
Calculate the remainder when 92 is divided by 2 + (-3 - (-29 - 3)).
30
Let f(a) = -a + 3*a + 3*a - a**2 + a**3 - 6*a. Let d = -5 + 8. What is the remainder when d is divided by f(2)?
1
Let l(k) = 112*k**2 - k + 1. Let d be l(1). Suppose -2*a + d = 42. Let h = a + -24. Calculate the remainder when h is divided by 3.
2
Let l(o) = o**2 - 2*o - 4. Calculate the remainder when 16 is divided by l(4).
0
Let g be (-2)/((-1)/90*4). Suppose -20 = 5*d, -3*d - 2*d - g = -r. Calculate the remainder when r is divided by 9.
7
Suppose 4*c = -5*f + 444, -4*c + 4 = -0. Let z = f - 51. What is the remainder when z is divided by 13?
11
Suppose -m - j - 3 = -7, -m + 3*j + 8 = 0. Let r = m + -1. Suppose -d + 0 = -7. What is the remainder when d is divided by r?
3
Suppose o + 4*z = 6, -34 = -8*o + 5*o + 4*z. Calculate the remainder when 53/3 + (-1)/(-3) is divided by o.
8
What is the remainder when 3 - 1 - (-10 + -7) is divided by 7?
5
Let u = -8 + 11. Let l(c) = c + 3. Suppose -6 = -3*s + 24. Calculate the remainder when s is divided by l(u).
4
Suppose -c + 0 = 5, 3*c + 39 = 2*b. Let k = b - -7. What is the remainder when k is divided by 10?
9
Let h(z) = 0 - 6*z - 1 - 1. Let p be (3 + -2)/(1/(-4)). Calculate the remainder when h(p) is divided by 12.
10
Let m be (-2)/(-6) - (-329)/21. Let s = -10 + m. What is the remainder when 22 is divided by s?
4
Suppose -b + 34 + 45 = 0. Calculate the remainder when b is divided by 20.
19
Let m(l) = -2*l - 2. Suppose -3*v = -8*v + u + 27, -3*v + 3*u = -21. Calculate the remainder when m(-8) is divided by v.
4
Suppose 0 = -5*b - 10 + 30. What is the remainder when b/(4/67) + 2 is divided by 24?
21
Let u(y) = y**3 + 19*y**2 + 18*y + 6. What is the remainder when 46 is divided by u(-18)?
4
Let c = 2 - -1. Suppose -8*n = -c*n - 75. What is the remainder when 27 is divided by n?
12
Suppose -3*a + 0*a = -72. Let d(w) be the second derivative of 13*w**5/20 + w**4/12 - w**3/6 + 4*w. What is the remainder when a is divided by d(1)?
11
Let b(m) = -m**3 + 9*m**2 - 10*m - 3. What is the remainder when 176 is divided by b(6)?
41
Let r = -2 + 72. What is the remainder when r is divided by 37?
33
Suppose 4*k = -10*k + 280. What is the remainder when 56 is divided by k?
16
Let l = -1 + 1. Suppose -5*o + z + 8 = -0*o, l = -4*z - 12. Calculate the remainder when o is divided by 14/14*1/1.
0
Let f be (3/(-1))/(-1 + 2). Let h = -1 - f. Calculate the remainder when h is divided by 2.
0
Let j(w) = w + 10. Let z(h) = h**3 - 3*h**2 - 3*h + 6. Let i be z(4). Let n be j(i). What is the remainder when (n/(-12))/((-1)/6) is divided by 6?
4
Suppose 0 = 4*c - 6 - 2. What is the remainder when 7 is divided by c?
1
Suppose -y = -2*y + 4. Suppose -2*a + 0*a - 4*f - y = 0, 0 = -4*a + 3*f + 25. What is the remainder when 9 is divided by a + 3*(-1)/(-3)?
4
Let v(d) = d**2 + 2*d - 2. Suppose 3*r = -2*m + 3*m - 3, -3*r - 3 = 0. Suppose m*l + 3*l = 12. What is the remainder when 65 is divided by v(l)?
21
Suppose -2*i - 193 = -3*w, -5*w - 5*i + 179 = -2*w. What is the remainder when w is divided by 11?
8
Calculate the remainder when (8/(-4))/(4/(-62)) is divided by 8.
7
Calculate the remainder when 100 is divided by (-3 - 7)*3/(-2) - -2.
15
Suppose -3*y = -5*m - 131, 5*y = -5*m + 93 + 72. Suppose 3*z + 12 = 6*z. Suppose -46 = -5*j + z. Calculate the remainder when y is divided by j.
7
Suppose 5*q = 2*w - w + 25, -q - w = -5. Suppose 0 = -3*f + 2*f + 23. What is the remainder when f is divided by q?
3
Suppose -4*s + 5*s = -2, 4*h = -2*s - 4. Suppose o + h*o = 4. Suppose 0 = -o*i - 30 + 78. Calculate the remainder when 34 is divided by i.
10
Suppose -5*t + 34 = -101. What is the remainder when t is divided by 10?
7
Suppose -100 = -2*w - 5*o, 2*w - 8 = 3*o + 108. Let c = w + -37. Calculate the remainder when 33 is divided by c.
15
Let v(l) = l**2 - 9*l - 1. Calculate the remainder when v(11) is divided by 3.
0
Let i be -2*(-1)/(-3)*-6. What is the remainder when (-20)/(-3) - 2/(-6) is divided by 1/2*(i + 2)?
1
Suppose 41 = 3*c - 4. Let w(p) = -p**2 - 10*p + 3. Calculate the remainder when w(-5) is divided by c.
13
Let o be (108/(-15))/((-3)/10). Suppose -r + o = -18. Calculate the remainder when r is divided by 11.
9
Let i = 48 + 5. What is the remainder when -3 - (-1 + 2 - i) is divided by 17?
15
Suppose 58 = 3*t + 5*o, -2*t + t - 9 = -4*o. Let r = t + 7. Calculate the remainder when 53 is divided by r.
17
Let s = 64 - 48. What is the remainder when s is divided by 6?
4
Let g = -41 + 76. Suppose i - 6*i = -g. What is the remainder when i is divided by 4?
3
Let a(h) = h**3 + 4*h**2 - 5*h + 1. Calculate the remainder when 41 is divided by a(-4).
20
Let g = -158 - -246. Calculate the remainder when g is divided by 15.
13
Let u = 28 + 137. What is the remainder when u is divided by 19?
13
Suppose 0 = -4*l - 3*a + 75, l - 3*a - 8 = 22. What is the remainder when l is divided by 8?
5
Let b(g) = 3*g**2 - 5*g. What is the remainder when b(4) is divided by 6?
4
Let u(k) = 38*k**2 + 4*k - 6. Calculate the remainder when u(2) is divided by 39.
37
Suppose 0 = 4*n - 2*n - 4. Suppose 5*l = n*l + 171. Calculate the remainder when l is divided by 15.
12
Suppose -2*d = -4 - 50. Let f(h) = h**3 + 3*h**2 - 4*h - 2. Calculate the remainder when d is divided by f(-3).
7
Let l = 6 + 6. Calculate the remainder when 34 is divided by l.
10
Let g = -14 - -10. What is the remainder when 21 is divided by 236/30 - g/30?
5
Let r(h) = -h**3 - 8*h**2 - 6*h - 8. Let f be r(-8). Suppose -13 = x - f. What is the remainder when 79 is divided by x?
25
Let y = 144 + -131. Calculate the remainder when y is divided by 12.
1
Let w = -205 - -413. What is the remainder when 53 is divided by w/12 - 4/(-6)?
17
Let c(n) = n**2 - 23*n + 13. Let a(k) = 8*k**2 - 1. Let p(l) = l**3 - 3*l**2 - 4*l - 1. Let z be p(4). Calculate the remainder when c(23) is divided by a(z).
6
Let x(z) = -z**2 - 13*z - 9. Let u be x(-11). Suppose 0 = -o - 2 + u. Calculate the remainder when 41 is divided by o.
8
Let p be (-5 + 6)*(1 - 1). Suppose -5*x - 11 + 251 = p. What is the remainder when x is divided by 25?
23
Let l(d) = -2*d + 17. What is the remainder when l(-20) is divided by 29?
28
Let g = 162 - 97. Calculate the remainder when g is divided by -15*26/(-20) + (-10)/4.
14
Let r = 8 + -6. Calculate the remainder when 1 + (15 - 3) + r is divided by 2/8 - 62/(-8).
7
Suppose y - 4*b - 12 = -y, 0 = 4*y + 2*b + 6. Let u = 2 + 1. Calculate the remainder when (y - -3) + (4 - 3) is divided by u.
1
Suppose 0 = -2*t + 69 - 9. What is the remainder when (-5)/(t/(-14))*3 is divided by 3?
1
Suppose 0 = -3*x - 5*c - 46, 5*c + 15 = 2*c. Calculate the remainder when ((-6)/5)/(3/(-10)) is divided by (7/x)/(2/(-4)).
0
Calculate the remaind